{"id":53,"date":"2015-05-01T06:05:55","date_gmt":"2015-05-01T06:05:55","guid":{"rendered":"http:\/\/dachprofi-englert.de\/?page_id=53"},"modified":"2023-01-18T08:16:23","modified_gmt":"2023-01-18T08:16:23","slug":"holzrahmenbau","status":"publish","type":"page","link":"https:\/\/dachprofi-englert.de\/index.php\/holzrahmenbau\/","title":{"rendered":"Holzrahmenbau"},"content":{"rendered":"<div id=\"attachment_165\" style=\"width: 310px\" class=\"wp-caption alignleft\"><a href=\"http:\/\/dachprofi-englert.de\/wp-content\/uploads\/2015\/05\/holzrahmenbau-g.jpg\"><img aria-describedby=\"caption-attachment-165\" decoding=\"async\" loading=\"lazy\" class=\"size-medium wp-image-165\" src=\"http:\/\/dachprofi-englert.de\/wp-content\/uploads\/2015\/05\/holzrahmenbau-g-300x225.jpg\" alt=\"Holzrahmenbau\" width=\"300\" height=\"225\" srcset=\"https:\/\/dachprofi-englert.de\/wp-content\/uploads\/2015\/05\/holzrahmenbau-g-300x225.jpg 300w, https:\/\/dachprofi-englert.de\/wp-content\/uploads\/2015\/05\/holzrahmenbau-g.jpg 800w\" sizes=\"(max-width: 300px) 100vw, 300px\" \/><\/a><\/p>\n<p id=\"caption-attachment-165\" class=\"wp-caption-text\">Holzrahmenbau<\/p>\n<\/div>\n<p>Wir fertigen f\u00fcr Sie exklusiv in Handarbeit individuelle Wandteile und sonstige Elemente an.<\/p>\n<p>Diese werden von unserem Team ma\u00dfgenau in Ihren Grundriss eingebunden.<\/p>\n<p>Die Gr\u00f6\u00dfe spielt dabei f\u00fcr uns keine Rolle.<\/p>\n","protected":false},"excerpt":{"rendered":"<p>Wir fertigen f\u00fcr Sie exklusiv in Handarbeit individuelle Wandteile und sonstige Elemente an. Diese werden von unserem Team ma\u00dfgenau in Ihren Grundriss eingebunden. Die Gr\u00f6\u00dfe spielt dabei f\u00fcr uns keine Rolle.<\/p>\n","protected":false},"author":1,"featured_media":247,"parent":0,"menu_order":0,"comment_status":"closed","ping_status":"closed","template":"","meta":{"neve_meta_sidebar":"","neve_meta_container":"","neve_meta_enable_content_width":"","neve_meta_content_width":0,"neve_meta_title_alignment":"","neve_meta_author_avatar":"","neve_post_elements_order":"","neve_meta_disable_header":"","neve_meta_disable_footer":"","neve_meta_disable_title":""},"_links":{"self":[{"href":"https:\/\/dachprofi-englert.de\/index.php\/wp-json\/wp\/v2\/pages\/53"}],"collection":[{"href":"https:\/\/dachprofi-englert.de\/index.php\/wp-json\/wp\/v2\/pages"}],"about":[{"href":"https:\/\/dachprofi-englert.de\/index.php\/wp-json\/wp\/v2\/types\/page"}],"author":[{"embeddable":true,"href":"https:\/\/dachprofi-englert.de\/index.php\/wp-json\/wp\/v2\/users\/1"}],"replies":[{"embeddable":true,"href":"https:\/\/dachprofi-englert.de\/index.php\/wp-json\/wp\/v2\/comments?post=53"}],"version-history":[{"count":4,"href":"https:\/\/dachprofi-englert.de\/index.php\/wp-json\/wp\/v2\/pages\/53\/revisions"}],"predecessor-version":[{"id":932,"href":"https:\/\/dachprofi-englert.de\/index.php\/wp-json\/wp\/v2\/pages\/53\/revisions\/932"}],"wp:featuredmedia":[{"embeddable":true,"href":"https:\/\/dachprofi-englert.de\/index.php\/wp-json\/wp\/v2\/media\/247"}],"wp:attachment":[{"href":"https:\/\/dachprofi-englert.de\/index.php\/wp-json\/wp\/v2\/media?parent=53"}],"curies":[{"name":"wp","href":"https:\/\/api.w.org\/{rel}","templated":true}]}}

<div id="attachment_165" style="width: 310px" class="wp-caption alignleft"><a href="http://dachprofi-englert.de/wp-content/uploads/2015/05/holzrahmenbau-g.jpg"><img aria-describedby="caption-attachment-165" decoding="async" loading="lazy" class="size-medium wp-image-165" src="http://dachprofi-englert.de/wp-content/uploads/2015/05/holzrahmenbau-g-300x225.jpg" alt="Holzrahmenbau" width="300" height="225" srcset="https://dachprofi-englert.de/wp-content/uploads/2015/05/holzrahmenbau-g-300x225.jpg 300w, https://dachprofi-englert.de/wp-content/uploads/2015/05/holzrahmenbau-g.jpg 800w" sizes="(max-width: 300px) 100vw, 300px" /></a></p>
<p id="caption-attachment-165" class="wp-caption-text">Holzrahmenbau</p>
</div>
<p>Wir fertigen für Sie exklusiv in Handarbeit individuelle Wandteile und sonstige Elemente an.</p>
<p>Diese werden von unserem Team maßgenau in Ihren Grundriss eingebunden.</p>
<p>Die Größe spielt dabei für uns keine Rolle.</p>

<p>Wir fertigen für Sie exklusiv in Handarbeit individuelle Wandteile und sonstige Elemente an. Diese werden von unserem Team maßgenau in Ihren Grundriss eingebunden. Die Größe spielt dabei für uns keine Rolle.</p>
